118/b?
0
Suppose -4 = -m + 41. What is the units digit of 2277/m - (-4)/10?
1
Let q be 6/36 + (-195)/(-18). Suppose -q*u = -3*u - 200. What is the units digit of u?
5
Let a = -1500 + 2274. What is the units digit of a?
4
Let r(m) = -312*m + 4. What is the thousands digit of r(-6)?
1
Suppose 2*k - 317 = 2*p - 2445, -2*p = k - 2122. What is the thousands digit of p?
1
What is the hundreds digit of 9 - ((-10044)/3)/3?
1
Suppose x = 5*x - 3*s - 4, 4*s = 16. Suppose x*f = 20*f - 4160. What is the tens digit of f?
6
Suppose -2*u - 1 - 23 = 0. Let t be ((-30)/u)/(1/4). What is the units digit of 3/(-15) - (-112)/t?
1
Let p(l) = -l**3 + l**2 + 9. Let x = -11 - -11. Let g be p(x). Let j = g - -16. What is the units digit of j?
5
Suppose -3*a + 1 = x - 8, -2*x + 12 = 4*a. Let m be (14*2 - a)/(-1). What is the units digit of 135/m*-1*5?
7
Suppose -18*r + 17*r - 4*x + 172 = 0, 0 = -3*r + x + 451. What is the tens digit of r?
5
Let s(j) = 3*j**2. Let g be s(2). Let o be (-8)/g + (-33)/(-9). What is the tens digit of 6*16*o/18?
1
Let f be (1 + (3 - -7))/1. Suppose -68 = f*n - 13*n. What is the units digit of n?
4
What is the hundreds digit of 1214/3*(-36)/(-24)?
6
Let f be (-1)/(2*2/(-192)). Suppose 8 = d + f. Let k = 74 + d. What is the tens digit of k?
3
Suppose 2*s + s - 9 = -u, 5*s - 2*u - 4 = 0. Suppose 0 = 6*i - i + 2*a + 53, 5*i - s*a = -37. Let t = i - -35. What is the units digit of t?
6
Let o(a) = 5*a**2 - 12*a - 246. What is the tens digit of o(-28)?
1
Let j = 267 + -123. Suppose -z + m - 2*m = -j, -z = 2*m - 147. What is the hundreds digit of z?
1
Suppose -6*x - 384 = -8*x. What is the units digit of x?
2
Let k = -65 - -143. What is the units digit of (-1)/((-80)/k - -1)?
9
Let y = -1718 + 2474. What is the tens digit of y?
5
Let w be 2/(-15) - 78/90. What is the units digit of -55*(w - (3 - 3))?
5
Let p(h) = 13*h**3 + 2*h**2 - 2*h. Suppose 4*b - 23 = -2*s - 3, -2*s - 12 = -4*b. Let j be p(s). Let o = j - 66. What is the units digit of o?
2
Let t(y) = -y**3 - 3*y**2 + 0*y**3 + 11 + 3. What is the units digit of t(-6)?
2
Suppose 0 = 11*a - 17557 - 3541. What is the units digit of a?
8
Let o = 619 + 51. What is the hundreds digit of o?
6
Let u = -24 - -39. Suppose 3*c + u = 90. What is the tens digit of c?
2
Let d(t) = -612*t - 297. What is the hundreds digit of d(-7)?
9
Suppose -16*u + 1 = -17*u. Let y(x) = -34*x**3 + 8*x**2 + 5*x. Let k(r) = -11*r**3 + 3*r**2 + 2*r. Let a(m) = -8*k(m) + 3*y(m). What is the units digit of a(u)?
5
What is the hundreds digit of 222*1/3*24?
7
Suppose 4*k = -5*k + 18. Suppose -846 = -4*l + k*p, -2*l + 554 = -5*p + 127. What is the units digit of l?
1
Let u(z) = 17*z**2 + 46*z - 17. Let i(v) = -11*v**2 - 31*v + 11. Let o(w) = 7*i(w) + 5*u(w). What is the hundreds digit of o(5)?
2
Let i = 72 - 129. Let z = i - -138. What is the units digit of (1/3)/(9/z)?
3
Suppose 0 = -2*o + 8, 3*o - 825 = -5*g - 2*o. What is the tens digit of g?
6
Suppose -j = 3*y - 8*y + 383, 3*j + 148 = 2*y. What is the units digit of 3377/y - (-2)/14?
4
Let c be (-74)/(-8) + 12/16. Let w = -8 - c. Let m = w + 26. What is the units digit of m?
8
Let a(c) = -c**2 - 13*c + 4. Suppose 5*k - t + 54 = t, 2*t - 6 = k. Let l be a(k). Suppose -p - p = -n + l, 3*n = 2*p + 36. What is the units digit of n?
0
Let b(l) = l**3 - 3*l**2 - 2. Let q be b(3). Let n be (120/((-4)/1))/q. Suppose -21 = -3*c + n. What is the units digit of c?
2
Let k be (-1)/((-22)/12 - -2). Let z(f) = -2*f - 4. Let d be z(k). Suppose 290 = d*r - 190. What is the tens digit of r?
6
Suppose 164 = -10*o + 1364. Suppose 0 = -6*w + 2*w + o. What is the units digit of w?
0
Suppose 5*u = 9 + 16. Suppose -x = 4*x + 10, u*i + 4*x - 402 = 0. What is the units digit of i?
2
Suppose -3*f = 2*k + 4, 3*k = 2*f + k + 16. What is the units digit of 318/15 - f/(-20)?
1
Suppose 3*b = 5*r - 10, -5*r + 2*b + 12 = -3. Suppose -5*u - 219 = 3*n + 254, -5*n = r*u + 785. What is the tens digit of n/(-7) - 2/7?
2
Suppose 14 = 6*w - 16. Suppose 0*t - 3*t - 3*u = 0, 3*t = w*u + 24. Suppose -t*k + 67 = -44. What is the tens digit of k?
3
Let p(v) = -v - 14. Let f be p(-8). Let m(r) = -2*r**2 - 13*r - 6. Let k be m(f). Suppose 2*i - 80 = -b, k = -4*i + 5*b + 145 + 43. What is the tens digit of i?
4
Let g = -34 + 37. Let p be (-240)/g*(-4)/(-10). What is the units digit of ((-57)/38)/(6/p)?
8
Suppose 80 = -5*t - 4*r, -2*t + r = -2*r + 9. What is the units digit of -4 - 3/(t/608)?
8
Let i(z) = 4*z + 20. Let n(u) = -u - 1. Let l(j) = -i(j) - 8*n(j). Let s be l(7). Suppose 91 = 5*h + s. What is the tens digit of h?
1
Suppose -64 - 60 = 2*a. Suppose 232 = -12*i + 4*i. Let o = i - a. What is the tens digit of o?
3
Let v = 2191 - 485. What is the tens digit of 2/12*v - (-4)/6?
8
Let n(i) = -18*i**2 + 3*i + 3. Let v be n(-2). Let g = -45 - v. What is the units digit of g?
0
Suppose -5*l = 5*v - 145, 2*l + 82 = 12*v - 9*v. What is the units digit of v?
8
Suppose -3085 = -10*c + 1525. What is the units digit of c?
1
Let q(d) = -d**2 + 4*d - 2. Let n be q(3). Suppose 5*u = f + 5 + n, -4*u + 16 = 2*f. Suppose -u*y + 14 = -42. What is the units digit of y?
8
Suppose -88 - 8 = -3*m. What is the tens digit of m?
3
Let c(g) = -5*g - 6. Let z be c(3). Let u = z + 27. What is the units digit of 4/u - 2/(-6)?
1
Suppose 718 = 3*x - 2*s, 2*x - s = 2*s + 472. What is the tens digit of 2/(0 + 4/x)?
2
Suppose -50*o - 46913 = -172263. What is the thousands digit of o?
2
Let a(m) = m**2 - 27*m - 67. What is the tens digit of a(30)?
2
Suppose 5*t + 1025 = 3*i, 2*i + 516 = -2*t + 90. Let w = 297 + t. What is the units digit of w?
9
What is the tens digit of -8*(-2)/4 + -4 + 3545?
4
Let t = 7454 + -4118. What is the thousands digit of t?
3
What is the tens digit of 9724/66 - (-1)/(-3)?
4
Suppose 3*y - 3*l - 3 = -0*l, 2*y - 5*l - 11 = 0. What is the tens digit of -2 - (2/y)/((-2)/(-82))?
3
Let s(b) = -6*b + 11 + b + 0*b. What is the units digit of s(-5)?
6
Let v be (-2)/(-1) - 35/7. Let d(f) = -f**3 + f**2 - 2*f + 3. What is the tens digit of d(v)?
4
Let y = 15 - 13. Let k be 2 + 1 + -3 + y. Suppose -l - n = -2, -k*l + n = l - 6. What is the units digit of l?
2
Let i(k) = -2*k + 5. Let x(b) = 3*b + b - 10 + 0*b. Let y(u) = 9*i(u) + 4*x(u). What is the units digit of y(-8)?
1
Suppose -2*o = -o - 2. Suppose 3*u - d - 378 = 2*d, -u - o*d + 126 = 0. What is the tens digit of u?
2
Suppose -55 - 21 = -4*t. Suppose -15 + t = 4*n. What is the units digit of n?
1
Let r = 21345 + -14573. What is the units digit of r/28 + ((-22)/(-7) - 3)?
2
Suppose -14 = 5*q - 24. Suppose 5*n + 34 = 3*u, 0 = 5*u - 3*n + 7*n + 5. Suppose -3*p + 80 = -q*k, -73 = -6*p + u*p - 5*k. What is the tens digit of p?
2
Suppose -4*g - 50 + 122 = 0. Let o(m) = -m**3 - 5*m**2 + 9*m + 6. Let d be o(-6). Let w = d + g. What is the units digit of w?
6
Let a be 96 + 0/(-1) + 4/(-2). Suppose -14*n = -1116 + a. What is the units digit of n?
3
Let p(a) = -14*a**3 - a**2 + 3*a - 5. Let r be p(3). Let u = 574 + r. What is the units digit of u?
1
Let f be (-2 + -1)/(6/(-4)). Suppose -290 = -3*x - f*g, -3*x + 0*x - 5*g + 275 = 0. Suppose -5*r + x = -0*r. What is the tens digit of r?
2
Let g(s) = 2*s - 15. Let a be g(10). Suppose 0*w - 2*w = 4*j - 172, -390 = -a*w - 2*j. What is the tens digit of w?
7
Let b = 48 + -46. What is the units digit of b*((-16)/(-104) - 1214/(-52))?
7
Suppose -4*i = -457 - 43. Let r = i + -49. What is the tens digit of r?
7
Suppose 4*i - 4*n = 1968, 0 = 5*i - 8*i + 4*n + 1474. What is the tens digit of i?
9
Suppose 0 = 9*l - 14*l + b + 2755, 0 = l - 2*b - 560. What is the units digit of l?
0
Let x = -712 + 1549. What is the tens digit of x?
3
Let w(i) = -121*i - 62. Let o be w(-16). Suppose 9*q = o + 502. What is the units digit of q?
4
Let k(o) = 14*o + 1 - 6*o - 8. What is the units digit of k(13)?
7
Let m be -4*(-2)/(4 - 0). Suppose -j + 14 = 5*p, m*j - p = 2*p - 37. Let b(s) = -2*s + 22. What is the units digit of b(j)?
4
Let f(y) = -2*y**2 - 10*y + 12. Let t be f(-6). Let h = t + -15. Let k = h + 26. What is the tens digit of k?
1
Suppose 3*o - 20 = -5*c, -18 + 2 = -4*o + 4*c. Let d(t) = -t**2 - t**2 - 4*t**2 - o*t - 5 + 7 - t**3. What is the units digit of d(-5)?
2
Let h(m) = -m**3 + m**2 - 2*m + 6. Let d be h(5). Let i = 150 + d. What is the tens digit of i